se 4*u = 5*v + 117, -105 = -5*u - 8*v + 6*v. Suppose -1839 + 21481 = u*y. List the prime factors of y.
2, 7, 61
Let j = 128 - -73. Let v = 874 - j. List the prime factors of v.
673
Let w(k) be the first derivative of -k**3/3 + k**2/2 + 562*k - 8. List the prime factors of w(0).
2, 281
Let p(z) = -7*z - 228. Let x be p(-33). Suppose -3*r - t + 2358 = 0, -t + 2358 = x*r + 2*t. List the prime factors of r.
2, 3, 131
Suppose 4 = -w, -4*s - 2*w + 4*w = -2136. Let v = s - -665. Suppose 9*l = -0*l + v. What are the prime factors of l?
7, 19
Suppose o - 337 = -o + 3*n, -3*o + 483 = 3*n. Suppose -2*k - o - 921 = -3*g, 0 = -2*g - 5*k + 717. What are the prime factors of g?
19
Let p(q) = q**2 + 67*q - 134. What are the prime factors of p(25)?
2, 3, 19
Let f be 42/6 + 48/(-6). What are the prime factors of (-296)/((-2)/2) + (-1 - f)?
2, 37
Let n(r) = r**3 - 4*r**2 - 2*r + 4. Let d be n(3). What are the prime factors of (-2785)/d + ((-93)/(-33) - 3)?
11, 23
Let g = 2776 + 9076. What are the prime factors of g?
2, 2963
Suppose 385*y - 383*y - 99429 = -5*s, 0 = -4*s + 5*y + 79497. List the prime factors of s.
59, 337
Let s be 5 + -1 + (-656)/8. Let o = 233 + s. Suppose 8*q = 1397 + o. List the prime factors of q.
2, 97
Let y(l) = -18*l + 49. Let b = 42 + -56. What are the prime factors of y(b)?
7, 43
Let v = 11217 + -7097. Suppose -5*f - 2*i = -f - 4102, 4*f - v = 4*i. List the prime factors of f.
13, 79
Let n(y) = y. Let u be n(0). Let x = 16795 + -16790. Suppose -x*b + 294 + 756 = u. What are the prime factors of b?
2, 3, 5, 7
Let q = 17249 + 7081. What are the prime factors of q?
2, 3, 5, 811
Let x = 203 - 20. Suppose 3*p - 78 - x = 0. What are the prime factors of p?
3, 29
Let q(p) be the first derivative of p**3/3 + 31*p**2/2 - 19*p + 8. Let a(w) be the first derivative of q(w). What are the prime factors of a(19)?
3, 23
Let b(w) = w**2 - 3*w - 2. Let p = 60 + -61. Let i be b(p). Suppose -81 = -a + i*m, -2*m = -4*a - 0*a + 336. What are the prime factors of a?
5, 17
Let z be (-1)/((1/2)/(-1)). Suppose 6 = -z*j - t + 4*t, 3*t - 27 = -5*j. Suppose -29 = -u - j*k + 19, 2*u - 2*k - 104 = 0. What are the prime factors of u?
3, 17
Let i = -359 - -370. Let g(m) = 80*m + 7. List the prime factors of g(i).
887
Let o = -23416 - -54543. What are the prime factors of o?
17, 1831
Suppose 47901 = 18*h - 23433. Suppose -6*b = -3*b + 9, 5*z = -4*b + h. List the prime factors of z.
3, 5, 53
Let n(c) = 2040*c - 932. What are the prime factors of n(2)?
2, 787
Let o(l) be the third derivative of -l**6/20 - 53*l**5/60 - 3*l**4/8 + 5*l**3/3 + 49*l**2. List the prime factors of o(-10).
2, 5
Let b be (-825)/(-175) + 4/14. Suppose 817 + 795 = 3*g - b*i, g = 5*i + 554. List the prime factors of g.
23
Let c(t) = 11*t**2 - 56*t - 2. Let w be c(5). Let b = -62 - -9. Let o = w - b. List the prime factors of o.
2, 23
Let c(b) = -2*b**3 + 23*b**2 + 39*b - 11. Let l(h) = h**3 - 12*h**2 - 20*h + 6. Let f(r) = -6*c(r) - 11*l(r). What are the prime factors of f(8)?
2
Suppose -584 = -u + 2*v, -u - 2*u = 4*v - 1782. Suppose -4*y + 103 = l, -6*y + y - u = -5*l. What are the prime factors of l?
5, 23
Suppose -766*b - 11094 = -772*b. What are the prime factors of b?
43
Suppose -12*s + 25 = -7*s. Suppose -2*q = -s*l - 0*q + 106, -5*l - 5*q = -85. Suppose -l*g = -26*g + 552. What are the prime factors of g?
2, 23
Let c = -1 - -1. Let z = 2038 + -1721. Suppose -3*w + 4*y = -c*w - 181, -5*w - y = -z. What are the prime factors of w?
3, 7
Suppose 284*u = 305*u - 207606. List the prime factors of u.
2, 4943
What are the prime factors of ((-34074)/30)/(114/(-4940))?
2, 3, 13, 631
Let g = 556 - 547. Suppose 14*o - 7880 = g*o. List the prime factors of o.
2, 197
Let w be (40/30)/(-3*(-6)/27). Suppose 4*q - 476 = -q - 3*k, 0 = -q + w*k + 90. List the prime factors of q.
2, 47
What are the prime factors of (-90)/(-27)*(-190566)/(-12) + 5?
2, 5, 2647
Let w(y) be the first derivative of -y**3/3 - 18*y**2 - 8*y + 29. List the prime factors of w(-17).
3, 5, 7
Let o be 1/((5/(-20))/(-2 - -1)). Let d(b) = b**3 + b**2 - b - 1. Let h(p) = p**3 + 2*p**2. Let c(k) = o*d(k) - 6*h(k). List the prime factors of c(-6).
2, 41
Suppose 0 = 273*m - 142*m - 143*m + 44880. What are the prime factors of m?
2, 5, 11, 17
Suppose 3*r - 938 = -4*r. Let d = r - -94. What are the prime factors of d?
2, 3, 19
Let h(i) = 9*i - 22. Suppose 0 = 56*f - 57*f + 3. Let n be h(f). Suppose y + 4*j + 43 = 168, j - n = 0. List the prime factors of y.
3, 5, 7
Let l(b) be the third derivative of b**4/2 + b**3/2 - b**2. Let i(d) = 2*d**2 + 4*d - 25. Let h be i(-5). List the prime factors of l(h).
3, 7
Let f = -8224 - -22188. What are the prime factors of f?
2, 3491
Let y be -542*((-114)/4)/3. Suppose i = 3, -4*t + 2*i + y = 1099. What are the prime factors of t?
2, 3, 13
Suppose -1191394 = -233*m + 632920 + 355634. List the prime factors of m.
2, 2339
Let o(y) = -88 - 40 - 118 - 28*y - 4*y. What are the prime factors of o(-26)?
2, 293
Suppose -14*c + 38908 + 16336 = 0. Let q = 5665 - c. What are the prime factors of q?
3, 191
Let c be 38*(-1 - 2/2). Let j = c + 81. Suppose 2*b + 14 = -j*v + 223, 2*v = -10. List the prime factors of b.
3, 13
Let k = 154 + -158. Let i(u) = 30*u**2 + 34*u + 4. What are the prime factors of i(k)?
2, 3, 29
Let u be (-7)/(21/6) + -2. What are the prime factors of (u/6)/((-20)/(-30))*-268?
2, 67
Let z = 16 + -14. Suppose 0 = -z*d + 156 + 228. List the prime factors of d.
2, 3
List the prime factors of (9/(-3) + -3)*247914/(-81).
2, 4591
What are the prime factors of ((-256632)/(-714))/((-4)/(-70))?
2, 5, 17, 37
Let n(s) = 2*s**3 + 7*s**2 + 4*s - 2. Suppose -8*v - 15 - 17 = 0. Let b be n(v). List the prime factors of 1*(-1 - 0) - b - -1.
2, 17
Let b be (-3)/(-2 + 14/4) - -4. Suppose 2*c - o - 5 = 0, -3*c - 4*o + 16 = -b*c. Suppose c*v - 6*v + 236 = 0. What are the prime factors of v?
2, 59
Let z = -242 - -1601. Suppose 3*s - 1492 = p + z, 5*s + p = 4749. What are the prime factors of s?
2, 5, 19
Suppose -2*c + 21334 + 4488 = 5*t, 5*c + 5186 = t. List the prime factors of t.
2, 3, 7, 41
Let w(z) = z**2 - 3*z + 12. Suppose 3*f + 4*n = -2, -4*n + n = 3*f - 3. Let m be w(f). List the prime factors of 16/(m/14 + 8/(-56)).
2
Let d(a) be the first derivative of 4*a**3/3 + 4*a**2 + 16*a - 63. List the prime factors of d(7).
2, 67
Suppose -10 = -3*z + 2. Suppose -16*q - 11 = -5*q. What are the prime factors of 57 - 15/(z - q)?
2, 3
Let y = 163 + -161. Suppose y*d + 788 = 4*l, -11 + 209 = l - d. What are the prime factors of l?
2, 7
Let w = 30022 - 25312. What are the prime factors of w?
2, 3, 5, 157
Let i(h) = h + 7. Let d be i(-6). Let s be (21/42)/(d/44). Suppose -28 = -5*x + s. List the prime factors of x.
2, 5
Let u(r) = -r - 7. Let k be u(-4). Let d be 2/1 + (-3)/(k/286). Suppose d = 5*v - 42. What are the prime factors of v?
2, 3, 11
Let q(f) = 4*f**3 + 164*f**2 + 164*f - 80. List the prime factors of q(-37).
2, 3, 13, 101
Let h = 3070 + 800. Suppose -h = 19*r - 24*r. What are the prime factors of r?
2, 3, 43
What are the prime factors of -11 + 31 - (-7 + -48329)?
2, 7, 11, 157
Let h = 22557 - 12963. What are the prime factors of h?
2, 3, 13, 41
Let g(y) = 3460*y + 72. What are the prime factors of g(4)?
2, 37, 47
Suppose -8*d = -3*d. Suppose d = 2*c - 4*g - 2, -19 = -5*c - 6*g + 2*g. Suppose c*p - 145 = 167. What are the prime factors of p?
2, 13
Let u = -75 - -15. Let c = -56 - u. What are the prime factors of (-72)/(-27)*147/c?
2, 7
Let m(y) be the second derivative of 9*y**5/20 - 8*y**3/3 + y**2 - 32*y. Let q(i) be the first derivative of m(i). List the prime factors of q(-3).
227
Suppose 3*r - 5*x - 5 = 0, x - 3 = 5*r + 4*x. Suppose 5*b - 679 = -l - l, r = -3*b - l + 408. List the prime factors of b.
137
Suppose 5*l - 12*n + 15*n - 37069 = 0, 3*l - 2*n - 22230 = 0. List the prime factors of l.
2, 17, 109
Suppose -3*z + 4*w = -50798, 50800 = 3*z - 625*w + 623*w. What are the prime factors of z?
2, 8467
Suppose -229*k = -220*k - 144. Suppose 2*b = -b + 12. Suppose b*z = -16, 2*f + 0*z = -z + k. List the prime factors of f.
2, 5
Suppose -8631 = 9*u - 15*u - 1383. What are the prime factors of u?
2, 151
Suppose 6*t - 8 = 2*t. Suppose 0 = -4*g - 3*k, 5*k + 14 = 4*g - 6*g. Suppose -a + h = -79, g*a + t*h - 253 = h. Wha